{"id":4088,"date":"2017-09-28T12:09:18","date_gmt":"2017-09-28T15:09:18","guid":{"rendered":"http:\/\/glorinha.rs.gov.br\/gov\/?page_id=4088"},"modified":"2024-08-30T10:36:55","modified_gmt":"2024-08-30T13:36:55","slug":"servico-de-inspecao-municipal","status":"publish","type":"page","link":"https:\/\/glorinha.rs.gov.br\/gov\/?page_id=4088","title":{"rendered":"SIM &#8211; Servi\u00e7o de Inspe\u00e7\u00e3o Municipal"},"content":{"rendered":"\t\t<div data-elementor-type=\"wp-page\" data-elementor-id=\"4088\" class=\"elementor elementor-4088\">\n\t\t\t\t\t\t<section class=\"elementor-section elementor-top-section elementor-element elementor-element-79bb262c elementor-section-boxed elementor-section-height-default elementor-section-height-default\" data-id=\"79bb262c\" data-element_type=\"section\" data-settings=\"{&quot;_ha_eqh_enable&quot;:false}\">\n\t\t\t\t\t\t<div class=\"elementor-container elementor-column-gap-default\">\n\t\t\t\t\t<div class=\"elementor-column elementor-col-100 elementor-top-column elementor-element elementor-element-4f36330a\" data-id=\"4f36330a\" data-element_type=\"column\">\n\t\t\t<div class=\"elementor-widget-wrap elementor-element-populated\">\n\t\t\t\t\t\t<div class=\"elementor-element elementor-element-68ca3539 elementor-widget elementor-widget-text-editor\" data-id=\"68ca3539\" data-element_type=\"widget\" data-widget_type=\"text-editor.default\">\n\t\t\t\t<div class=\"elementor-widget-container\">\n\t\t\t\t\t\t\t<div class=\"topsim\">\u00a0<\/div><nav class=\"nav-bar\"><div class=\"nav-container\"><p><a id=\"nav-menu\" class=\"nav-menu\"><\/a><i class=\"fa fa-bars 2x\"><\/i> Menu<\/p><ul id=\"nav\" class=\"nav-list \"><li><a id=\"tile1\" href=\"https:\/\/glorinha.rs.gov.br\/gov\/?page_id=4088\"><i class=\"fa fa-home 2x\"><\/i>In\u00edcio<\/a><\/li><li><a id=\"tile2\" href=\"https:\/\/glorinha.rs.gov.br\/gov\/?page_id=4095\"><i class=\"fa fa-book 2x\"><\/i> Hist\u00f3rico<\/a><\/li><li><a id=\"tile6\" href=\"https:\/\/glorinha.rs.gov.br\/gov\/?page_id=4100\"><i class=\"fa fa-download 2x\"><\/i> Apoio<\/a><\/li><\/ul><\/div><\/nav>\t\t\t\t\t\t<\/div>\n\t\t\t\t<\/div>\n\t\t\t\t\t<\/div>\n\t\t<\/div>\n\t\t\t\t\t<\/div>\n\t\t<\/section>\n\t\t\t\t<section class=\"elementor-section elementor-top-section elementor-element elementor-element-e889174 elementor-section-boxed elementor-section-height-default elementor-section-height-default\" data-id=\"e889174\" data-element_type=\"section\" data-settings=\"{&quot;_ha_eqh_enable&quot;:false}\">\n\t\t\t\t\t\t<div class=\"elementor-container elementor-column-gap-default\">\n\t\t\t\t\t<div class=\"elementor-column elementor-col-100 elementor-top-column elementor-element elementor-element-c15d8c3\" data-id=\"c15d8c3\" data-element_type=\"column\">\n\t\t\t<div class=\"elementor-widget-wrap elementor-element-populated\">\n\t\t\t\t\t\t<div class=\"elementor-element elementor-element-20ba541 elementor-widget elementor-widget-heading\" data-id=\"20ba541\" data-element_type=\"widget\" data-widget_type=\"heading.default\">\n\t\t\t\t<div class=\"elementor-widget-container\">\n\t\t\t<h1 class=\"elementor-heading-title elementor-size-default\">Perguntas frequentes<\/h1>\t\t<\/div>\n\t\t\t\t<\/div>\n\t\t\t\t\t<\/div>\n\t\t<\/div>\n\t\t\t\t\t<\/div>\n\t\t<\/section>\n\t\t\t\t<section class=\"elementor-section elementor-top-section elementor-element elementor-element-8b587ca elementor-section-boxed elementor-section-height-default elementor-section-height-default\" data-id=\"8b587ca\" data-element_type=\"section\" data-settings=\"{&quot;_ha_eqh_enable&quot;:false}\">\n\t\t\t\t\t\t<div class=\"elementor-container elementor-column-gap-default\">\n\t\t\t\t\t<div class=\"elementor-column elementor-col-100 elementor-top-column elementor-element elementor-element-8752d6e\" data-id=\"8752d6e\" data-element_type=\"column\">\n\t\t\t<div class=\"elementor-widget-wrap elementor-element-populated\">\n\t\t\t\t\t\t<div class=\"elementor-element elementor-element-7fee34d elementor-widget elementor-widget-accordion\" data-id=\"7fee34d\" data-element_type=\"widget\" data-widget_type=\"accordion.default\">\n\t\t\t\t<div class=\"elementor-widget-container\">\n\t\t\t\t\t<div class=\"elementor-accordion\">\n\t\t\t\t\t\t\t<div class=\"elementor-accordion-item\">\n\t\t\t\t\t<div id=\"elementor-tab-title-1341\" class=\"elementor-tab-title\" data-tab=\"1\" role=\"button\" aria-controls=\"elementor-tab-content-1341\" aria-expanded=\"false\">\n\t\t\t\t\t\t\t\t\t\t\t\t\t<span class=\"elementor-accordion-icon elementor-accordion-icon-left\" aria-hidden=\"true\">\n\t\t\t\t\t\t\t\t\t\t\t\t\t\t\t<span class=\"elementor-accordion-icon-closed\"><i class=\"fas fa-plus\"><\/i><\/span>\n\t\t\t\t\t\t\t\t<span class=\"elementor-accordion-icon-opened\"><i class=\"fas fa-minus\"><\/i><\/span>\n\t\t\t\t\t\t\t\t\t\t\t\t\t\t<\/span>\n\t\t\t\t\t\t\t\t\t\t\t\t<a class=\"elementor-accordion-title\" tabindex=\"0\">Os produtos de Origem Animal est\u00e3o sujeitos \u00e0 previa inspe\u00e7\u00e3o sanit\u00e1ria e industrial?<\/a>\n\t\t\t\t\t<\/div>\n\t\t\t\t\t<div id=\"elementor-tab-content-1341\" class=\"elementor-tab-content elementor-clearfix\" data-tab=\"1\" role=\"region\" aria-labelledby=\"elementor-tab-title-1341\"><ul><li><p>Sim. \u00a0O art. 1\u00ba da Lei n\u00ba 7.889\/1989 estabeleceu que a pr\u00e9via inspe\u00e7\u00e3o sanit\u00e1ria e industrial dos produtos de origem animal, de que trata a Lei n\u00ba 1.283, de 18 de dezembro de 1950, \u00e9 da compet\u00eancia da Uni\u00e3o, dos Estados, do Distrito Federal e dos Munic\u00edpios, observadas as compet\u00eancias do Minist\u00e9rio, das Secretarias e dos munic\u00edpios para os produtos a seguir:<\/p><ul><li>animais destinados \u00e0 matan\u00e7a, seus produtos e subprodutos e mat\u00e9rias primas: a pr\u00e9via inspe\u00e7\u00e3o sanit\u00e1ria e industrial \u00e9 feita \u00a0 nos estabelecimentos industriais especializados e nas propriedades rurais com instala\u00e7\u00f5es adequadas para a matan\u00e7a de animais e o seu preparo ou industrializa\u00e7\u00e3o, sob qualquer forma, para o consumo;<\/li><li>pescado e seus derivados: a pr\u00e9via inspe\u00e7\u00e3o sanit\u00e1ria e industrial \u00e9 feita nos entrepostos de recebimento e distribui\u00e7\u00e3o do pescado e nas f\u00e1bricas que industrializarem;<\/li><li>\u00a0leite e seus derivados: a pr\u00e9via inspe\u00e7\u00e3o sanit\u00e1ria e industrial \u00e9 feita \u00a0nas usinas de beneficiamento do leite, nas f\u00e1bricas de latic\u00ednios, nos postos de recebimento, refrigera\u00e7\u00e3o e desnatagem do leite ou de recebimento, refrigera\u00e7\u00e3o e manipula\u00e7\u00e3o dos seus derivados e nos respectivos entrepostos;<\/li><li>\u00a0ovos e seus derivados: a pr\u00e9via inspe\u00e7\u00e3o sanit\u00e1ria e industrial \u00e9 feita \u00a0nos entrepostos de ovos e nas f\u00e1bricas de produtos derivados;<\/li><li>mel e cera de abelhas e seus derivados: a pr\u00e9via inspe\u00e7\u00e3o sanit\u00e1ria e industrial \u00e9 feita \u00a0nos estabelecimentos que produzem ou recebem mel e cera de abelhas, para beneficiamento e distribui\u00e7\u00e3o.<\/li><\/ul><\/li><\/ul><\/div>\n\t\t\t\t<\/div>\n\t\t\t\t\t\t\t<div class=\"elementor-accordion-item\">\n\t\t\t\t\t<div id=\"elementor-tab-title-1342\" class=\"elementor-tab-title\" data-tab=\"2\" role=\"button\" aria-controls=\"elementor-tab-content-1342\" aria-expanded=\"false\">\n\t\t\t\t\t\t\t\t\t\t\t\t\t<span class=\"elementor-accordion-icon elementor-accordion-icon-left\" aria-hidden=\"true\">\n\t\t\t\t\t\t\t\t\t\t\t\t\t\t\t<span class=\"elementor-accordion-icon-closed\"><i class=\"fas fa-plus\"><\/i><\/span>\n\t\t\t\t\t\t\t\t<span class=\"elementor-accordion-icon-opened\"><i class=\"fas fa-minus\"><\/i><\/span>\n\t\t\t\t\t\t\t\t\t\t\t\t\t\t<\/span>\n\t\t\t\t\t\t\t\t\t\t\t\t<a class=\"elementor-accordion-title\" tabindex=\"0\">O que devo fazer nas irregularidades em produtos identificados em restaurantes e casas de varejo (mercados, a\u00e7ougues e feiras)?<\/a>\n\t\t\t\t\t<\/div>\n\t\t\t\t\t<div id=\"elementor-tab-content-1342\" class=\"elementor-tab-content elementor-clearfix\" data-tab=\"2\" role=\"region\" aria-labelledby=\"elementor-tab-title-1342\"><p>Procure a Vigil\u00e2ncia Sanit\u00e1ria no Munic\u00edpio ou do Estado, respons\u00e1vel por alvar\u00e1s de funcionamento, fiscaliza\u00e7\u00e3o da manuten\u00e7\u00e3o de boas condi\u00e7\u00f5es de armazenagem e manipula\u00e7\u00e3o.<\/p><\/div>\n\t\t\t\t<\/div>\n\t\t\t\t\t\t\t<div class=\"elementor-accordion-item\">\n\t\t\t\t\t<div id=\"elementor-tab-title-1343\" class=\"elementor-tab-title\" data-tab=\"3\" role=\"button\" aria-controls=\"elementor-tab-content-1343\" aria-expanded=\"false\">\n\t\t\t\t\t\t\t\t\t\t\t\t\t<span class=\"elementor-accordion-icon elementor-accordion-icon-left\" aria-hidden=\"true\">\n\t\t\t\t\t\t\t\t\t\t\t\t\t\t\t<span class=\"elementor-accordion-icon-closed\"><i class=\"fas fa-plus\"><\/i><\/span>\n\t\t\t\t\t\t\t\t<span class=\"elementor-accordion-icon-opened\"><i class=\"fas fa-minus\"><\/i><\/span>\n\t\t\t\t\t\t\t\t\t\t\t\t\t\t<\/span>\n\t\t\t\t\t\t\t\t\t\t\t\t<a class=\"elementor-accordion-title\" tabindex=\"0\">O que devo fazer nas irregularidades em estabelecimentos de abate do Munic\u00edpio com registro no Servi\u00e7o de Inspe\u00e7\u00e3o Municipal \u2013 SIM?<\/a>\n\t\t\t\t\t<\/div>\n\t\t\t\t\t<div id=\"elementor-tab-content-1343\" class=\"elementor-tab-content elementor-clearfix\" data-tab=\"3\" role=\"region\" aria-labelledby=\"elementor-tab-title-1343\"><p>Procure o Servi\u00e7o de Inspe\u00e7\u00e3o Municipal (SIM) que fiscaliza estes estabelecimentos. Produtos de estabelecimentos registrados no SIM somente podem ser comercializados no Munic\u00edpio de origem.<\/p><\/div>\n\t\t\t\t<\/div>\n\t\t\t\t\t\t\t<div class=\"elementor-accordion-item\">\n\t\t\t\t\t<div id=\"elementor-tab-title-1344\" class=\"elementor-tab-title\" data-tab=\"4\" role=\"button\" aria-controls=\"elementor-tab-content-1344\" aria-expanded=\"false\">\n\t\t\t\t\t\t\t\t\t\t\t\t\t<span class=\"elementor-accordion-icon elementor-accordion-icon-left\" aria-hidden=\"true\">\n\t\t\t\t\t\t\t\t\t\t\t\t\t\t\t<span class=\"elementor-accordion-icon-closed\"><i class=\"fas fa-plus\"><\/i><\/span>\n\t\t\t\t\t\t\t\t<span class=\"elementor-accordion-icon-opened\"><i class=\"fas fa-minus\"><\/i><\/span>\n\t\t\t\t\t\t\t\t\t\t\t\t\t\t<\/span>\n\t\t\t\t\t\t\t\t\t\t\t\t<a class=\"elementor-accordion-title\" tabindex=\"0\">O que devo fazer nas irregularidades em produtos de estabelecimentos com SIM de um munic\u00edpio em outras localidades (munic\u00edpio diferente da origem) que n\u00e3o conste carimbo no r\u00f3tulo que faz parte do SISBI-POA?<\/a>\n\t\t\t\t\t<\/div>\n\t\t\t\t\t<div id=\"elementor-tab-content-1344\" class=\"elementor-tab-content elementor-clearfix\" data-tab=\"4\" role=\"region\" aria-labelledby=\"elementor-tab-title-1344\"><p>Procure a Prefeitura respons\u00e1vel pelo Servi\u00e7o de Inspe\u00e7\u00e3o (SIM) daquele produto.<\/p><\/div>\n\t\t\t\t<\/div>\n\t\t\t\t\t\t\t<div class=\"elementor-accordion-item\">\n\t\t\t\t\t<div id=\"elementor-tab-title-1345\" class=\"elementor-tab-title\" data-tab=\"5\" role=\"button\" aria-controls=\"elementor-tab-content-1345\" aria-expanded=\"false\">\n\t\t\t\t\t\t\t\t\t\t\t\t\t<span class=\"elementor-accordion-icon elementor-accordion-icon-left\" aria-hidden=\"true\">\n\t\t\t\t\t\t\t\t\t\t\t\t\t\t\t<span class=\"elementor-accordion-icon-closed\"><i class=\"fas fa-plus\"><\/i><\/span>\n\t\t\t\t\t\t\t\t<span class=\"elementor-accordion-icon-opened\"><i class=\"fas fa-minus\"><\/i><\/span>\n\t\t\t\t\t\t\t\t\t\t\t\t\t\t<\/span>\n\t\t\t\t\t\t\t\t\t\t\t\t<a class=\"elementor-accordion-title\" tabindex=\"0\">Onde se faz solicita\u00e7\u00e3o de provid\u00eancias para inspe\u00e7\u00e3o de produtos clandestinos de origem animal? <\/a>\n\t\t\t\t\t<\/div>\n\t\t\t\t\t<div id=\"elementor-tab-content-1345\" class=\"elementor-tab-content elementor-clearfix\" data-tab=\"5\" role=\"region\" aria-labelledby=\"elementor-tab-title-1345\"><div class=\"entry-content\"><p>Na ouvidoria da Prefeitura Municipal de Glorinha\/ SIM de Glorinha\/ IVZ tendo em vista que constatado o \u00e2mbito comercial do estabelecimento clandestino, a autoridade fiscalizadora encaminhar\u00e1 o processo \u00e0 autoridade de compet\u00eancia origin\u00e1ria (estadual ou municipal), visando evitar a duplicidade de fiscaliza\u00e7\u00e3o.<\/p><\/div><\/div>\n\t\t\t\t<\/div>\n\t\t\t\t\t\t\t\t<\/div>\n\t\t\t\t<\/div>\n\t\t\t\t<\/div>\n\t\t\t\t\t<\/div>\n\t\t<\/div>\n\t\t\t\t\t<\/div>\n\t\t<\/section>\n\t\t\t\t<section class=\"elementor-section elementor-top-section elementor-element elementor-element-d3dcac7 elementor-section-boxed elementor-section-height-default elementor-section-height-default\" data-id=\"d3dcac7\" data-element_type=\"section\" data-settings=\"{&quot;_ha_eqh_enable&quot;:false}\">\n\t\t\t\t\t\t<div class=\"elementor-container elementor-column-gap-default\">\n\t\t\t\t\t<div class=\"elementor-column elementor-col-100 elementor-top-column elementor-element elementor-element-038e9d0\" data-id=\"038e9d0\" data-element_type=\"column\">\n\t\t\t<div class=\"elementor-widget-wrap elementor-element-populated\">\n\t\t\t\t\t\t<div class=\"elementor-element elementor-element-59f3abf elementor-align-center elementor-widget elementor-widget-button\" data-id=\"59f3abf\" data-element_type=\"widget\" data-widget_type=\"button.default\">\n\t\t\t\t<div class=\"elementor-widget-container\">\n\t\t\t\t\t<div class=\"elementor-button-wrapper\">\n\t\t\t<a class=\"elementor-button elementor-button-link elementor-size-lg\" href=\"https:\/\/glorinha.1doc.com.br\/b.php?pg=wp\/wp&#038;itd=6\">\n\t\t\t\t\t\t<span class=\"elementor-button-content-wrapper\">\n\t\t\t\t\t\t<span class=\"elementor-button-icon\">\n\t\t\t\t<i aria-hidden=\"true\" class=\"far fa-comments\"><\/i>\t\t\t<\/span>\n\t\t\t\t\t\t\t\t\t<span class=\"elementor-button-text\">Canal de denuncias - Ouvidoria Digital <\/span>\n\t\t\t\t\t<\/span>\n\t\t\t\t\t<\/a>\n\t\t<\/div>\n\t\t\t\t<\/div>\n\t\t\t\t<\/div>\n\t\t\t\t\t<\/div>\n\t\t<\/div>\n\t\t\t\t\t<\/div>\n\t\t<\/section>\n\t\t\t\t<\/div>\n\t\t","protected":false},"excerpt":{"rendered":"<p>\u00a0 Menu In\u00edcio Hist\u00f3rico Apoio Perguntas frequentes Os produtos de Origem Animal est\u00e3o sujeitos \u00e0 previa inspe\u00e7\u00e3o sanit\u00e1ria e industrial? Sim. \u00a0O art. 1\u00ba da Lei n\u00ba 7.889\/1989 estabeleceu que&#8230;<\/p>\n","protected":false},"author":14,"featured_media":0,"parent":0,"menu_order":0,"comment_status":"closed","ping_status":"closed","template":"","meta":{"_eb_attr":"","footnotes":""},"class_list":["post-4088","page","type-page","status-publish","hentry"],"_links":{"self":[{"href":"https:\/\/glorinha.rs.gov.br\/gov\/index.php?rest_route=\/wp\/v2\/pages\/4088","targetHints":{"allow":["GET"]}}],"collection":[{"href":"https:\/\/glorinha.rs.gov.br\/gov\/index.php?rest_route=\/wp\/v2\/pages"}],"about":[{"href":"https:\/\/glorinha.rs.gov.br\/gov\/index.php?rest_route=\/wp\/v2\/types\/page"}],"author":[{"embeddable":true,"href":"https:\/\/glorinha.rs.gov.br\/gov\/index.php?rest_route=\/wp\/v2\/users\/14"}],"replies":[{"embeddable":true,"href":"https:\/\/glorinha.rs.gov.br\/gov\/index.php?rest_route=%2Fwp%2Fv2%2Fcomments&post=4088"}],"version-history":[{"count":0,"href":"https:\/\/glorinha.rs.gov.br\/gov\/index.php?rest_route=\/wp\/v2\/pages\/4088\/revisions"}],"wp:attachment":[{"href":"https:\/\/glorinha.rs.gov.br\/gov\/index.php?rest_route=%2Fwp%2Fv2%2Fmedia&parent=4088"}],"curies":[{"name":"wp","href":"https:\/\/api.w.org\/{rel}","templated":true}]}}