{"id":4095,"date":"2017-09-28T12:13:00","date_gmt":"2017-09-28T15:13:00","guid":{"rendered":"http:\/\/glorinha.rs.gov.br\/gov\/?page_id=4095"},"modified":"2024-08-30T10:34:31","modified_gmt":"2024-08-30T13:34:31","slug":"historico","status":"publish","type":"page","link":"https:\/\/glorinha.rs.gov.br\/gov\/?page_id=4095","title":{"rendered":"Hist\u00f3rico"},"content":{"rendered":"<div class=\"topsim\"><\/div>\n<nav class=\"nav-bar\">\n<div class=\"nav-container\">\n<p><a id=\"nav-menu\" class=\"nav-menu\"><\/a><i class=\"fa fa-bars 2x\"><\/i> Menu<\/p>\n<ul id=\"nav\" class=\"nav-list \">\n<li><a id=\"tile1\" href=\"https:\/\/glorinha.rs.gov.br\/gov\/?page_id=4088\"><i class=\"fa fa-home 2x\"><\/i>In\u00edcio<\/a><\/li>\n<li><a id=\"tile2\" href=\"https:\/\/glorinha.rs.gov.br\/gov\/?page_id=4095\"><i class=\"fa fa-book 2x\"><\/i> Hist\u00f3rico<\/a><\/li>\n<li><a id=\"tile6\" href=\"https:\/\/glorinha.rs.gov.br\/gov\/?page_id=4100\"><i class=\"fa fa-download 2x\"><\/i> Apoio<\/a><\/li>\n<\/ul>\n<\/div>\n<\/nav>\n<p style=\"text-align: justify;\"><strong>Como iniciamos o SIM de Glorinha?<\/strong><br \/>\nNo inicio do ano de 2007 veio at\u00e9 a Secretaria Municipal de Agricultura, Ind\u00fastria e Com\u00e9rcio assim nominada na \u00e9poca o Sr. Mathias empreendedor do munic\u00edpio, solicitando que os produtos dele ora fiscalizados pelo Estado atrav\u00e9s do CISPOA fossem inspecionados e fiscalizados por \u00f3rg\u00e3o Municipal. Ocorre que este servi\u00e7o n\u00e3o havia sido criado ainda.<br \/>\nN\u00e3o havendo nenhum impedimento para a cria\u00e7\u00e3o do mesmo o Sr. Jo\u00e3o Carlos Fialho Gomes prefeito neste per\u00edodo criou ent\u00e3o a LEI n\u00ba 932, em 09 de mar\u00e7o de 2007 que \u201c Disp\u00f5e sobre a inspe\u00e7\u00e3o sanit\u00e1ria e industrial dos produtos de origem animal.<br \/>\nEsta a\u00e7\u00e3o atrav\u00e9s de outros empreendedores veio a ocorrer novamente a partir do ano de 2012, com a Granja Av\u00edcola, a fabrica de produtos c\u00e1rneos ( embutidos) para que os produtos cadastrados no SIM fossem comercializados na merenda e no com\u00e9rcio local.<br \/>\nNo final do ano de 2012 a Fabrica de Latic\u00ednios (cujos produtos s\u00e3o derivados do leite &#8211; queijo, creme de leite) suspende suas atividades atuando aproximadamente 20 anos com inspe\u00e7\u00e3o\/fiscaliza\u00e7\u00e3o Estadual para migrar para inspe\u00e7\u00e3o municipal.<br \/>\nContudo a fabrica de latic\u00ednios que comercializava seus produtos no munic\u00edpio de Glorinha, e tamb\u00e9m em todo territ\u00f3rio estadual, passaria a vender seus produtos somente no munic\u00edpio de Glorinha.<br \/>\nPara atender esta nova realidade e continuar mantendo a fabrica latic\u00ednios no munic\u00edpio o Sr. Renato Raupp Ribeiro prefeito neste per\u00edodo autorizou o Servi\u00e7o de Inspe\u00e7\u00e3o Municipal-SIM a solicitar ades\u00e3o ao SIF- Servi\u00e7o de Inspe\u00e7\u00e3o Federal.<br \/>\nDurante o ano de 2013 passamos a trabalhar incessantemente na busca pela equival\u00eancia do Servi\u00e7o junto ao MAPA- Minist\u00e9rio da Agricultura. A abrang\u00eancia de comercializa\u00e7\u00e3o passaria a ser em \u00e2mbito Nacional, ou seja, em qualquer lugar do pa\u00eds.<br \/>\nPara que esta equival\u00eancia se tornasse poss\u00edvel ocorreram muitas mudan\u00e7as desde a estrutura f\u00edsica, equipe com veterin\u00e1rio concursado, auxiliar de inspe\u00e7\u00e3o, auxiliar administrativo, ve\u00edculo, computadores etc&#8230;;<br \/>\n&#8211; Legisla\u00e7\u00f5es novas foram criadas, atrav\u00e9s de decretos;<br \/>\n&#8211; Programas de combate \u00e0 clandestinidade, com parcerias formadas com a Vigil\u00e2ncia Sanit\u00e1ria, Inspetoria veterin\u00e1ria;<br \/>\n&#8211; Programa de combate a fraude;<br \/>\n-Programa de educa\u00e7\u00e3o sanit\u00e1ria ( palestras, inser\u00e7\u00f5es na m\u00eddia, reuni\u00f5es t\u00e9cnicas etc&#8230;)<br \/>\n&#8211; Inspe\u00e7\u00f5es e fiscaliza\u00e7\u00f5es.<\/p>\n<p style=\"text-align: justify;\">Em 01 de novembro de 2013, ap\u00f3s v\u00e1rias auditorias feitas pelos fiscais do MAPA ao SIM de Glorinha e ao estabelecimento, F\u00e1brica de Latic\u00ednios Kronhardt, recebemos atrav\u00e9s do Di\u00e1rio Oficial da Uni\u00e3o<br \/>\no parecer favor\u00e1vel a EQUIVAL\u00caNCIA do Servi\u00e7o de Inspe\u00e7\u00e3o Municipal \u2013SIM de Glorinha ao SIF- Servi\u00e7o de Inspe\u00e7\u00e3o Federal, doravante SIM\/SISBI.<\/p>\n<p style=\"text-align: justify;\">No ano de 2017 por interm\u00e9dio Da Secretaria Da Agricultura , Pecu\u00e1ria E Irriga\u00e7\u00e3o do estado do Rio Grande do Sul, fomos beneficiados com o recebimento de um ve\u00edculo utilizar nas a\u00e7\u00f5es de inspe\u00e7\u00e3o e fiscaliza\u00e7\u00e3o do SIM\/SISBI .<\/p>\n<p>Em janeiro de 2021 eram 2 estabelecimentos ativos e registrados: 2 unidades de beneficiamento de leite e produtos l\u00e1cteos. Ampliamos para mais 2 estabelecimentos em agosto de 2021: 2 Unidades de Beneficiamento de carnes e produtos c\u00e1rneos.<\/p>\n<p>A equival\u00eancia do servi\u00e7o de Inspe\u00e7\u00e3o Municipal de Glorinha ao S.I.F promove a sa\u00fade p\u00fablica. Atua no combate a clandestinidade no combate a fraude, promovendoA equival\u00eancia do servi\u00e7o de Inspe\u00e7\u00e3o Municipal de Glorinha ao S.I.F promove a sa\u00fade p\u00fablica. Atua no combate a clandestinidade, no combate a fraude, garantindo a seguran\u00e7a e qualidade dos alimentos de origem animal, a prote\u00e7\u00e3o ao consumidor e contribuindo para o fortalecimento do desenvolvimento do setor agropecu\u00e1rio Glorinhense.<\/p>\n","protected":false},"excerpt":{"rendered":"<p>Menu In\u00edcio Hist\u00f3rico Apoio Como iniciamos o SIM de Glorinha? No inicio do ano de 2007 veio at\u00e9 a Secretaria Municipal de Agricultura, Ind\u00fastria e Com\u00e9rcio assim nominada na \u00e9poca&#8230;<\/p>\n","protected":false},"author":14,"featured_media":0,"parent":4088,"menu_order":0,"comment_status":"closed","ping_status":"closed","template":"","meta":{"_eb_attr":"","footnotes":""},"class_list":["post-4095","page","type-page","status-publish","hentry"],"_links":{"self":[{"href":"https:\/\/glorinha.rs.gov.br\/gov\/index.php?rest_route=\/wp\/v2\/pages\/4095","targetHints":{"allow":["GET"]}}],"collection":[{"href":"https:\/\/glorinha.rs.gov.br\/gov\/index.php?rest_route=\/wp\/v2\/pages"}],"about":[{"href":"https:\/\/glorinha.rs.gov.br\/gov\/index.php?rest_route=\/wp\/v2\/types\/page"}],"author":[{"embeddable":true,"href":"https:\/\/glorinha.rs.gov.br\/gov\/index.php?rest_route=\/wp\/v2\/users\/14"}],"replies":[{"embeddable":true,"href":"https:\/\/glorinha.rs.gov.br\/gov\/index.php?rest_route=%2Fwp%2Fv2%2Fcomments&post=4095"}],"version-history":[{"count":0,"href":"https:\/\/glorinha.rs.gov.br\/gov\/index.php?rest_route=\/wp\/v2\/pages\/4095\/revisions"}],"up":[{"embeddable":true,"href":"https:\/\/glorinha.rs.gov.br\/gov\/index.php?rest_route=\/wp\/v2\/pages\/4088"}],"wp:attachment":[{"href":"https:\/\/glorinha.rs.gov.br\/gov\/index.php?rest_route=%2Fwp%2Fv2%2Fmedia&parent=4095"}],"curies":[{"name":"wp","href":"https:\/\/api.w.org\/{rel}","templated":true}]}}