{"id":66,"date":"2017-02-14T22:53:49","date_gmt":"2017-02-15T00:53:49","guid":{"rendered":"http:\/\/localhost\/glorinhagov\/?page_id=66"},"modified":"2025-01-09T18:19:26","modified_gmt":"2025-01-09T21:19:26","slug":"fazenda","status":"publish","type":"page","link":"https:\/\/glorinha.rs.gov.br\/gov\/?page_id=66","title":{"rendered":"Fazenda"},"content":{"rendered":"<h2 class=\"contentheading\"><img decoding=\"async\" class=\"wp-image-8330 size-full aligncenter\" src=\"http:\/\/glorinha.rs.gov.br\/gov\/wp-content\/uploads\/2020\/08\/SMFAZ-1.png\" alt=\"\" width=\"178\" height=\"95\" \/><\/h2>\n<div class=\"article-content\" style=\"clear: both;\"><hr \/>\n<p align=\"justify\"><span class=\"Apple-style-span\"><strong>Secret\u00e1ria:<\/strong> <strong> ROBINSON BARTH LIMA<\/strong><\/span><\/p>\n<hr \/>\n<p align=\"justify\"><span class=\"Apple-style-span\"><strong>E-mail:<\/strong>\u00a0<a href=\"mailto:fazenda@glorinha.rs.gov.br\">fazenda@glorinha.rs.gov.br<\/a><\/span><\/p>\n<p align=\"justify\"><strong>Endere\u00e7o:<\/strong> Av. Dr. Pomp\u00edlio Gomes Sobrinho, 23400 &#8211; Centro &#8211; Glorinha<\/p>\n<p align=\"justify\"><strong>Telefone:<\/strong>\u00a0 (51) 3487-1020, Ramal 203<\/p>\n<p align=\"justify\"><strong>Hor\u00e1rio de expediente:<\/strong> das 8h \u00e0s 12h &#8211; 13h \u00e0s 17h.<\/p>\n<h5 align=\"justify\"><strong><span class=\"Apple-style-span\">Atribui\u00e7\u00f5es:<\/span><\/strong><\/h5>\n<p align=\"justify\">Coordenar a execu\u00e7\u00e3o da pol\u00edtica e da administra\u00e7\u00e3o tribut\u00e1ria, econ\u00f4mica e financeira do Munic\u00edpio; Promover a Administra\u00e7\u00e3o Tribut\u00e1ria, Financeira e Or\u00e7ament\u00e1ria; Programa\u00e7\u00e3o Financeira e libera\u00e7\u00e3o de Recursos Or\u00e7ament\u00e1rios; Promover a Administra\u00e7\u00e3o da D\u00edvida P\u00fablica; Promover a Contabilidade Municipal; Estudar e dar Parecer sobre Incentivos fiscais.<\/p>\n<p align=\"justify\">A Secretaria Municipal da Fazenda \u00a0\u00e9 composta pelos seguintes setores\/unidades de servi\u00e7o:<\/p>\n<p align=\"justify\"><strong>&#8211; Setor Tribut\u00e1rio \u2013 ramais 215 e 228;<\/strong><\/p>\n<p align=\"justify\"><strong>&#8211; Setor de Contabilidade \u2013 ramal 217, 218 e 227;<\/strong><\/p>\n<p align=\"justify\"><strong>&#8211; Setor de Tesouraria \u2013 ramal 209.<\/strong><\/p>\n<\/div>\n\n\n<p><\/p>\n","protected":false},"excerpt":{"rendered":"<p>Secret\u00e1ria: ROBINSON BARTH LIMA E-mail:\u00a0fazenda@glorinha.rs.gov.br Endere\u00e7o: Av. Dr. Pomp\u00edlio Gomes Sobrinho, 23400 &#8211; Centro &#8211; Glorinha Telefone:\u00a0 (51) 3487-1020, Ramal 203 Hor\u00e1rio de expediente: das 8h \u00e0s 12h &#8211; 13h&#8230;<\/p>\n","protected":false},"author":14,"featured_media":0,"parent":21,"menu_order":0,"comment_status":"closed","ping_status":"closed","template":"","meta":{"_eb_attr":"","footnotes":""},"class_list":["post-66","page","type-page","status-publish","hentry"],"_links":{"self":[{"href":"https:\/\/glorinha.rs.gov.br\/gov\/index.php?rest_route=\/wp\/v2\/pages\/66","targetHints":{"allow":["GET"]}}],"collection":[{"href":"https:\/\/glorinha.rs.gov.br\/gov\/index.php?rest_route=\/wp\/v2\/pages"}],"about":[{"href":"https:\/\/glorinha.rs.gov.br\/gov\/index.php?rest_route=\/wp\/v2\/types\/page"}],"author":[{"embeddable":true,"href":"https:\/\/glorinha.rs.gov.br\/gov\/index.php?rest_route=\/wp\/v2\/users\/14"}],"replies":[{"embeddable":true,"href":"https:\/\/glorinha.rs.gov.br\/gov\/index.php?rest_route=%2Fwp%2Fv2%2Fcomments&post=66"}],"version-history":[{"count":0,"href":"https:\/\/glorinha.rs.gov.br\/gov\/index.php?rest_route=\/wp\/v2\/pages\/66\/revisions"}],"up":[{"embeddable":true,"href":"https:\/\/glorinha.rs.gov.br\/gov\/index.php?rest_route=\/wp\/v2\/pages\/21"}],"wp:attachment":[{"href":"https:\/\/glorinha.rs.gov.br\/gov\/index.php?rest_route=%2Fwp%2Fv2%2Fmedia&parent=66"}],"curies":[{"name":"wp","href":"https:\/\/api.w.org\/{rel}","templated":true}]}}