{"id":86,"date":"2017-02-15T02:14:03","date_gmt":"2017-02-15T04:14:03","guid":{"rendered":"http:\/\/localhost\/glorinhagov\/?page_id=86"},"modified":"2024-07-09T10:48:54","modified_gmt":"2024-07-09T13:48:54","slug":"desenvolvimento-social","status":"publish","type":"page","link":"https:\/\/glorinha.rs.gov.br\/gov\/?page_id=86","title":{"rendered":"Cidadania e Desenvolvimento Social"},"content":{"rendered":"\t\t<div data-elementor-type=\"wp-page\" data-elementor-id=\"86\" class=\"elementor elementor-86\">\n\t\t\t\t\t\t<section class=\"elementor-section elementor-top-section elementor-element elementor-element-797d0902 elementor-section-boxed elementor-section-height-default elementor-section-height-default\" data-id=\"797d0902\" data-element_type=\"section\" data-settings=\"{&quot;_ha_eqh_enable&quot;:false}\">\n\t\t\t\t\t\t<div class=\"elementor-container elementor-column-gap-default\">\n\t\t\t\t\t<div class=\"elementor-column elementor-col-100 elementor-top-column elementor-element elementor-element-8fc6881\" data-id=\"8fc6881\" data-element_type=\"column\">\n\t\t\t<div class=\"elementor-widget-wrap elementor-element-populated\">\n\t\t\t\t\t\t\t<\/div>\n\t\t<\/div>\n\t\t\t\t\t<\/div>\n\t\t<\/section>\n\t\t\t\t<section class=\"elementor-section elementor-top-section elementor-element elementor-element-f4c290b elementor-section-boxed elementor-section-height-default elementor-section-height-default\" data-id=\"f4c290b\" data-element_type=\"section\" data-settings=\"{&quot;_ha_eqh_enable&quot;:false}\">\n\t\t\t\t\t\t<div class=\"elementor-container elementor-column-gap-default\">\n\t\t\t\t\t<div class=\"elementor-column elementor-col-100 elementor-top-column elementor-element elementor-element-ce9e1d9\" data-id=\"ce9e1d9\" data-element_type=\"column\">\n\t\t\t<div class=\"elementor-widget-wrap elementor-element-populated\">\n\t\t\t\t\t\t<div class=\"elementor-element elementor-element-ccbcdbe elementor-widget elementor-widget-text-editor\" data-id=\"ccbcdbe\" data-element_type=\"widget\" data-widget_type=\"text-editor.default\">\n\t\t\t\t<div class=\"elementor-widget-container\">\n\t\t\t\t\t\t\t<blockquote>\n<p style=\"font-style: normal; font-variant-ligatures: normal; font-variant-caps: normal; font-weight: 400; font-size: 15px; font-family: Roboto, sans-serif;\" align=\"justify\"><strong>Secret\u00e1rio:<\/strong><span style=\"color: #7a7a7a;\">&nbsp;&nbsp;<\/span><em style=\"font-family: Roboto, sans-serif; font-size: 15px; font-variant-ligatures: normal; font-variant-caps: normal; font-weight: 700;\"><span style=\"font-variant-ligatures: normal; font-variant-caps: normal; font-size: 10pt; font-family: Lato, sans-serif; color: rgb(51, 51, 51);\">Informa\u00e7\u00f5es removidas durante o per\u00edodo eleitoral, em conformidade com o c\u00f3digo eleitoral.<\/span><\/em><\/p><hr style=\"background-color: #ffffff;\">\n<p style=\"font-style: normal; font-variant-ligatures: normal; font-variant-caps: normal; font-weight: 400; font-size: 15px; font-family: Roboto, sans-serif;\" align=\"justify\"><strong>E-mail:&nbsp;<\/strong><span style=\"color: #7a7a7a;\">&nbsp;<\/span><strong><a href=\"mailto:assistenciasocial@glorinha.rs.gov.br\">assistenciasocial@glorinha.rs.gov.br<\/a><\/strong><\/p>\n<p style=\"font-style: normal; font-variant-ligatures: normal; font-variant-caps: normal; font-weight: 400; font-size: 15px; font-family: Roboto, sans-serif;\" align=\"justify\"><strong>Endere\u00e7o: Av. Dr. Pomp\u00edlio Gomes Sobrinho, 24060<\/strong><\/p>\n<p style=\"font-style: normal; font-variant-ligatures: normal; font-variant-caps: normal; font-weight: 400; font-size: 15px; font-family: Roboto, sans-serif;\" align=\"justify\"><strong>Telefone:&nbsp;&nbsp;<span style=\"color: #7a7a7a; font-family: Roboto, sans-serif; font-size: 15px; font-style: normal; font-variant-ligatures: normal; font-variant-caps: normal;\">(51) 3487-1522 | (51) 3487-1486 | (51) 3487-1299<\/span><\/strong><\/p>\n<p style=\"font-style: normal; font-variant-ligatures: normal; font-variant-caps: normal; font-weight: 400; font-size: 15px; font-family: Roboto, sans-serif;\" align=\"justify\"><strong>Hor\u00e1rio de expediente:&nbsp;08:00 \u00e0s 12:00, das 13:00 \u00e0s 17:00<\/strong><\/p>\n<\/blockquote>\t\t\t\t\t\t<\/div>\n\t\t\t\t<\/div>\n\t\t\t\t\t<\/div>\n\t\t<\/div>\n\t\t\t\t\t<\/div>\n\t\t<\/section>\n\t\t\t\t<section class=\"elementor-section elementor-top-section elementor-element elementor-element-066c34f elementor-section-boxed elementor-section-height-default elementor-section-height-default\" data-id=\"066c34f\" data-element_type=\"section\" data-settings=\"{&quot;_ha_eqh_enable&quot;:false}\">\n\t\t\t\t\t\t<div class=\"elementor-container elementor-column-gap-default\">\n\t\t\t\t\t<div class=\"elementor-column elementor-col-100 elementor-top-column elementor-element elementor-element-48fd4df\" data-id=\"48fd4df\" data-element_type=\"column\">\n\t\t\t<div class=\"elementor-widget-wrap elementor-element-populated\">\n\t\t\t\t\t\t<div class=\"elementor-element elementor-element-943da7b elementor-widget elementor-widget-text-editor\" data-id=\"943da7b\" data-element_type=\"widget\" data-widget_type=\"text-editor.default\">\n\t\t\t\t<div class=\"elementor-widget-container\">\n\t\t\t\t\t\t\t<h4 align=\"justify\">CENTRO DE REFER\u00caNCIA DE ASSIST\u00caNCIA SOCIAL \u2013 CRAS<\/h4><p align=\"justify\">\u00a0 O\u00a0<strong>CRAS<\/strong>\u00a0\u00e9 uma unidade p\u00fablica estatal descentralizada da pol\u00edtica de assist\u00eancia social sendo respons\u00e1vel pela organiza\u00e7\u00e3o e oferta dos servi\u00e7os socioassistenciais da\u00a0<strong>Prote\u00e7\u00e3o Social B\u00e1sica<\/strong>\u00a0do\u00a0<strong>Sistema \u00danico de Assist\u00eancia Social<\/strong>\u00a0(<strong>SUAS<\/strong>) nas \u00e1reas de vulnerabilidade e risco social do munic\u00edpio.\u00a0<strong>Oferta os seguintes servi\u00e7os:<\/strong><\/p><ul><li>Servi\u00e7o de Prote\u00e7\u00e3o e Atendimento Integral \u00e0 Fam\u00edlia \u2013\u00a0<strong>PAIF<\/strong><\/li><li>Servi\u00e7o de Conviv\u00eancia e Fortalecimento de V\u00ednculos \u2013\u00a0<strong>SCFV<\/strong><\/li><li>Servi\u00e7o de Prote\u00e7\u00e3o Social B\u00e1sica no Domic\u00edlio \u00e0 Pessoas com Defici\u00eancia e Idosos<\/li><\/ul><h4 align=\"justify\"><strong>SERVI\u00c7OS E PROGRAMAS<\/strong><\/h4><p align=\"justify\">\u00a0 \u00a0A\u00a0<strong>Assist\u00eancia Social<\/strong>\u00a0oferta servi\u00e7os para fortalecer as fam\u00edlias e desenvolver sua autonomia, apoiando-as para que superem eventuais dificuldades e acessem os direitos sociais, evitando o rompimento de la\u00e7os. Tamb\u00e9m apoia o fortalecimento da comunidade, incentiva sua mobiliza\u00e7\u00e3o e ainda oferta benef\u00edcios, garantindo a sobreviv\u00eancia em momentos cr\u00edticos. Al\u00e9m disso, trabalha em parceria com outras pol\u00edticas p\u00fablicas e encaminha os cidad\u00e3os a outros \u00f3rg\u00e3os quando as situa\u00e7\u00f5es enfrentadas n\u00e3o podem ser resolvidas somente pela assist\u00eancia social, como nos casos que envolvem desemprego, viol\u00eancia, doen\u00e7as, acesso \u00e0 educa\u00e7\u00e3o, saneamento b\u00e1sico, moradia, entre out ros. (MDSA)<\/p><p><strong>Endere\u00e7o:<\/strong>\u00a0Av. Dr. Pomp\u00edlio Gomes Sobrinho n\u00ba 24.060 \u2013 Centro \u2013 Glorinha\/RS\u00a0<strong>Telefone:<\/strong>\u00a0(51) 3487-1522\u00a0<strong>Hor\u00e1rio de expediente:<\/strong>\u00a0Das 8h \u00e0s 12h e das 13h \u00e0s 17h<\/p><h4><strong>SETOR DE CADASTRO \u00daNICO<\/strong><\/h4><p>O Cadastro \u00danico para Programas Sociais do Governo Federal (Cadastro \u00danico) \u00e9 um instrumento que identifica e caracteriza as fam\u00edlias de baixa renda, permitindo que o governo conhe\u00e7a melhor a realidade socioecon\u00f4mica dessa popula\u00e7\u00e3o. Nele s\u00e3o registradas informa\u00e7\u00f5es como: caracter\u00edsticas da resid\u00eancia, identifica\u00e7\u00e3o de cada pessoa, escolaridade, situa\u00e7\u00e3o de trabalho e renda, entre outras. A partir de 2003, o Cadastro \u00danico se tornou o principal instrumento do Estado brasileiro para a sele\u00e7\u00e3o e a inclus\u00e3o de fam\u00edlias de baixa renda em programas federais, sendo usado obrigatoriamente para a concess\u00e3o dos benef\u00edcios do Programa Bolsa Fam\u00edlia, da Tarifa Social de Energia El\u00e9trica, do Programa Minha Casa Minha Vida, entre outros. Tamb\u00e9m pode ser utilizado para a sele\u00e7\u00e3o de benefici\u00e1rios de programas ofertados pelos governos estaduais e municipais. Por isso, ele funciona como uma porta de entrada para as fam\u00edlias acessarem diversas pol\u00edticas p\u00fablicas. (MDSA)\u00a0<strong>Endere\u00e7o:<\/strong>\u00a0Av. Dr. Pomp\u00edlio Gomes Sobrinho n\u00ba 24.060 \u2013 Centro \u2013 Glorinha\/RS\u00a0<strong>Telefone:<\/strong>\u00a0(51) 3487-1522\u00a0<strong>Hor\u00e1rio de expediente:<\/strong>\u00a0Das 8 \u00e0s 12h e das 13h \u00e0s 17h<\/p><h4 align=\"justify\">CONSELHO TUTELAR<\/h4><p>O\u00a0Conselho Tutelar\u00a0\u00e9 um \u00f3rg\u00e3o permanente e aut\u00f4nomo, n\u00e3o-jurisdicional, encarregado pela sociedade de zelar pelo cumprimento dos direitos da crian\u00e7a e do adolescente, conforme a\u00a0<strong>Lei Federal n\u00ba 8069\/1990<\/strong>\u00a0e\u00a0<strong>Lei Municipal n\u00ba 2023\/2019<\/strong>.<\/p><p align=\"justify\"><strong>Endere\u00e7o:<\/strong>\u00a0Rua Ven\u00e2ncio dos Santos n\u00ba 320 B \u2013 Centro \u2013 Glorinha\/RS\u00a0<strong>Telefone:<\/strong>\u00a0(51) 3487-1303 \u2013 999.614.115\u00a0<strong>Hor\u00e1rio de expediente:<\/strong>\u00a0das 8 \u00a0\u00e0s 12h\u00a0 e das 13h \u00e0s 17h<\/p><p align=\"justify\"><span style=\"color: #333333;\"><b>S<\/b><\/span><b style=\"color: #333333;\">ine &#8211; FGTAS\u00a0<\/b><\/p><p align=\"justify\"><span style=\"color: #202124; font-family: arial, sans-serif; font-size: 16px; font-style: normal; font-variant-ligatures: normal; font-variant-caps: normal; font-weight: 400; text-align: left;\">\u00a0<\/span><span style=\"color: #999999;\"><span style=\"font-family: arial, sans-serif; font-size: 16px; font-style: normal; font-variant-ligatures: normal; font-variant-caps: normal; text-align: left;\"><b>Fun\u00e7\u00e3o\u00a0<\/b><\/span><span style=\"font-family: arial, sans-serif; font-size: 16px; font-style: normal; font-variant-ligatures: normal; font-variant-caps: normal; font-weight: 400; text-align: left;\">das Ag\u00eancias\u00a0<\/span><b style=\"font-family: arial, sans-serif; font-size: 16px; font-style: normal; font-variant-ligatures: normal; font-variant-caps: normal; text-align: left;\">FGTAS<\/b><span style=\"font-family: arial, sans-serif; font-size: 16px; font-style: normal; font-variant-ligatures: normal; font-variant-caps: normal; font-weight: 400; text-align: left;\">\/<\/span><b style=\"font-family: arial, sans-serif; font-size: 16px; font-style: normal; font-variant-ligatures: normal; font-variant-caps: normal; text-align: left;\">Sine<\/b><span style=\"font-family: arial, sans-serif; font-size: 16px; font-style: normal; font-variant-ligatures: normal; font-variant-caps: normal; font-weight: 400; text-align: left;\"> \u00e9 aproximar trabalhadores e empregadores para o bom desenvolvimento do trabalho, tamb\u00e9m podem serem realizadas s<\/span><\/span><span style=\"font-size: 12pt;\">olicita\u00e7\u00f5es de pedidos de Seguro-Desemprego<\/span><\/p><h5><strong style=\"color: var( --e-global-color-text );\"><span style=\"color: #808080;\">Endere\u00e7o:<\/span><\/strong><span style=\"color: #808080;\">\u00a0 <\/span><span style=\"color: #808080;\">Arlindo Ferrugem, n\u00b0 50 &#8211; Centro, Glorinha\/ RS<\/span><\/h5><div><span style=\"color: #808080;\"><strong>Contato:<\/strong><\/span> <span style=\"color: #999999;\">(51) 9 9994-5580<\/span><\/div><div><span style=\"color: #999999;\">\u00a0<\/span><\/div><div><p><strong><span style=\"color: #333333;\">Posto de Identifica\u00e7\u00e3o &#8211; IGP\u00a0\u00a0<\/span><\/strong><span style=\"color: #999999; font-family: arial, sans-serif; font-size: 12pt; font-style: normal; font-variant-ligatures: normal; font-variant-caps: normal; font-weight: 400;\">emiss\u00e3o de Carteira de Identidade (1\u00aa e 2\u00aa vias)<\/span><\/p><div style=\"font-style: normal; font-variant-ligatures: normal; font-variant-caps: normal; font-weight: 400; font-size: 15px; font-family: Roboto, sans-serif;\"><span style=\"font-weight: bold;\"><span style=\"color: #808080;\">Endere\u00e7o:\u00a0<\/span><\/span><span style=\"color: #808080;\">Arlindo Ferrugem, n\u00b0 50 &#8211; Centro, Glorinha\/ RS<\/span><\/div><div style=\"font-style: normal; font-variant-ligatures: normal; font-variant-caps: normal; font-weight: 400; font-size: 15px; font-family: Roboto, sans-serif;\"><span style=\"color: #808080;\"><span style=\"font-weight: bold;\">Contato:<\/span><\/span>\u00a0<span style=\"color: #999999;\">(51) 9 9994-5580<\/span><\/div><\/div><div><span style=\"color: #4d5156; font-family: arial, sans-serif; font-size: 14px; font-style: normal; font-variant-ligatures: normal; font-variant-caps: normal; font-weight: 400;\">\u00a0<\/span><\/div>\t\t\t\t\t\t<\/div>\n\t\t\t\t<\/div>\n\t\t\t\t\t<\/div>\n\t\t<\/div>\n\t\t\t\t\t<\/div>\n\t\t<\/section>\n\t\t\t\t<section class=\"elementor-section elementor-top-section elementor-element elementor-element-fe9c378 elementor-section-boxed elementor-section-height-default elementor-section-height-default\" data-id=\"fe9c378\" data-element_type=\"section\" data-settings=\"{&quot;_ha_eqh_enable&quot;:false}\">\n\t\t\t\t\t\t<div class=\"elementor-container elementor-column-gap-default\">\n\t\t\t\t\t<div class=\"elementor-column elementor-col-100 elementor-top-column elementor-element elementor-element-2fb2d77\" data-id=\"2fb2d77\" data-element_type=\"column\">\n\t\t\t<div class=\"elementor-widget-wrap elementor-element-populated\">\n\t\t\t\t\t\t<div class=\"elementor-element elementor-element-dbde501 elementor-tabs-alignment-stretch elementor-tabs-view-horizontal elementor-widget elementor-widget-tabs\" data-id=\"dbde501\" data-element_type=\"widget\" data-widget_type=\"tabs.default\">\n\t\t\t\t<div class=\"elementor-widget-container\">\n\t\t\t\t\t<div class=\"elementor-tabs\">\n\t\t\t<div class=\"elementor-tabs-wrapper\" role=\"tablist\" >\n\t\t\t\t\t\t\t\t\t<div id=\"elementor-tab-title-2301\" class=\"elementor-tab-title elementor-tab-desktop-title\" aria-selected=\"true\" data-tab=\"1\" role=\"tab\" tabindex=\"0\" aria-controls=\"elementor-tab-content-2301\" aria-expanded=\"false\">Atribui\u00e7\u00f5es<\/div>\n\t\t\t\t\t\t\t\t\t<div id=\"elementor-tab-title-2302\" class=\"elementor-tab-title elementor-tab-desktop-title\" aria-selected=\"false\" data-tab=\"2\" role=\"tab\" tabindex=\"-1\" aria-controls=\"elementor-tab-content-2302\" aria-expanded=\"false\">Departamentos e setores<\/div>\n\t\t\t\t\t\t\t<\/div>\n\t\t\t<div class=\"elementor-tabs-content-wrapper\" role=\"tablist\" aria-orientation=\"vertical\">\n\t\t\t\t\t\t\t\t\t<div class=\"elementor-tab-title elementor-tab-mobile-title\" aria-selected=\"true\" data-tab=\"1\" role=\"tab\" tabindex=\"0\" aria-controls=\"elementor-tab-content-2301\" aria-expanded=\"false\">Atribui\u00e7\u00f5es<\/div>\n\t\t\t\t\t<div id=\"elementor-tab-content-2301\" class=\"elementor-tab-content elementor-clearfix\" data-tab=\"1\" role=\"tabpanel\" aria-labelledby=\"elementor-tab-title-2301\" tabindex=\"0\" hidden=\"false\"><p><strong>\u00c0 Secretaria Municipal de Cidadania e Desenvolvimento Social compete, dentre outras atribui\u00e7\u00f5es regulamentares:<\/strong><br \/><br \/><strong>I &#8211; supervisionar, coordenar e controlar as atividades do setor de Assist\u00eancia Social;<\/strong><br \/><br \/><strong>II &#8211; buscar a integra\u00e7\u00e3o da popula\u00e7\u00e3o de baixa renda;<\/strong><br \/><br \/><strong>III &#8211; planejar, organizar e supervisionar os servi\u00e7os t\u00e9cnicos administrativos de sua compet\u00eancia;<\/strong><br \/><br \/><strong>IV &#8211; promover o desenvolvimento comunit\u00e1rio;<\/strong><br \/><br \/><strong>V &#8211; promover a a\u00e7\u00e3o social;<\/strong><br \/><br \/><strong>VI &#8211; promover a assist\u00eancia ao deficiente f\u00edsico, mental e sensorial;<\/strong><br \/><br \/><strong>VII &#8211; promover a assist\u00eancia social \u00e0 fam\u00edlia, \u00e0 inf\u00e2ncia, \u00e0 juventude e \u00e0 mulher;<\/strong><br \/><br \/><strong>VIII &#8211; promover a assist\u00eancia social aos idosos;<\/strong><br \/><br \/><strong>IX &#8211; fomentar a implanta\u00e7\u00e3o de projetos para inclus\u00e3o produtiva;<\/strong><br \/><br \/><strong>X &#8211; implantar pol\u00edticas p\u00fablicas de equidade de g\u00eanero e valoriza\u00e7\u00e3o da diversidade;<\/strong><br \/><br \/><strong>XI &#8211; promover, articular, executar e monitorar pol\u00edticas p\u00fablicas para as mulheres no \u00e2mbito municipal, considerando toda sua diversidade: orienta\u00e7\u00e3o sexual, ra\u00e7a\/etnia, localiza\u00e7\u00e3o nos espa\u00e7os: rural e urbano, assim como sua condi\u00e7\u00e3o de portadora ou n\u00e3o de defici\u00eancia;<\/strong><br \/><br \/><strong>XII &#8211; formular e promover, em conjunto com a Secretaria Municipal de Desenvolvimento Econ\u00f4mico e Habita\u00e7\u00e3o, a pol\u00edtica municipal de trabalho, de gera\u00e7\u00e3o de emprego e renda, de capacita\u00e7\u00e3o de m\u00e3o-de-obra, bem como incentivo \u00e0 institui\u00e7\u00e3o de organismos para integra\u00e7\u00e3o e apoio \u00e0 cria\u00e7\u00e3o de ocupa\u00e7\u00f5es profissionais, em articula\u00e7\u00e3o com os demais \u00f3rg\u00e3os p\u00fablicos afins;<\/strong><br \/><br \/><strong>XIII &#8211; coordenar e executar as a\u00e7\u00f5es de Defesa Civil no Munic\u00edpio, estimulando a participa\u00e7\u00e3o de entidades privadas, associa\u00e7\u00f5es de volunt\u00e1rios, organiza\u00e7\u00f5es n\u00e3o governamentais e associa\u00e7\u00f5es comunit\u00e1rias nas a\u00e7\u00f5es do Sistema Municipal de Prote\u00e7\u00e3o e Defesa Civil;<\/strong><br \/><br \/><strong>XIV &#8211; desenvolver programa de capacita\u00e7\u00e3o de recursos humanos para as a\u00e7\u00f5es de prote\u00e7\u00e3o de defesa civil, que consiste no conjunto de a\u00e7\u00f5es preventivas, de socorro, assistenciais reabilitadoras e reconstrutivas, destinadas a evitar ou minimizar desastres;<\/strong><br \/><br \/><strong>XV &#8211; coordenar e executar as atividades do Balc\u00e3o ou Ag\u00eancia do SINE, conforme conv\u00eanio com o FGTAS;<\/strong><br \/><br \/><strong>XVI &#8211; coordenar e executar as atividades de emiss\u00e3o de Carteiras de Identidade aos cidad\u00e3os, conforme conv\u00eanio firmado com a Secretaria de Seguran\u00e7a P\u00fablica e Instituto Geral de Per\u00edcias;<\/strong><br \/><br \/><strong>XVII &#8211; assessorar o Prefeito e as demais Secretarias nos assuntos de sua compet\u00eancia.<\/strong><\/p><\/div>\n\t\t\t\t\t\t\t\t\t<div class=\"elementor-tab-title elementor-tab-mobile-title\" aria-selected=\"false\" data-tab=\"2\" role=\"tab\" tabindex=\"-1\" aria-controls=\"elementor-tab-content-2302\" aria-expanded=\"false\">Departamentos e setores<\/div>\n\t\t\t\t\t<div id=\"elementor-tab-content-2302\" class=\"elementor-tab-content elementor-clearfix\" data-tab=\"2\" role=\"tabpanel\" aria-labelledby=\"elementor-tab-title-2302\" tabindex=\"0\" hidden=\"hidden\"><p><strong>\u00a0Secretaria Municipal de Cidadania e Desenvolvimento Social comp\u00f5e-se das seguintes unidades m\u00ednimas de servi\u00e7os, diretamente subordinadas ao respectivo titular:<\/strong><\/p>\n<p><strong>I &#8211; Gabinete do Secret\u00e1rio;<\/strong><\/p>\n<p><strong>II &#8211; Diretoria;<\/strong><\/p>\n<p><strong>III &#8211; Departamento Administrativo:<\/strong><\/p>\n<p><strong>a) Setor Administrativo e de Compras;<\/strong><\/p>\n<p><strong>IV &#8211; Departamento de Cadastro \u00danico:<\/strong><\/p>\n<p><strong>a) Setor de Cadastro.<\/strong><\/p>\n<p><strong>V &#8211; Coordenadoria de Prote\u00e7\u00e3o Social B\u00e1sica &#8211; Centro de Refer\u00eancia em Assist\u00eancia Social &#8211; CRAS:<\/strong><\/p>\n<p><strong>a) Setor de Benef\u00edcios Eventuais;<\/strong><br \/><strong>b) Servi\u00e7o de Prote\u00e7\u00e3o e Atendimento Integral \u00e0 Fam\u00edlia &#8211; PAIF;<\/strong><br \/><strong>c) Servi\u00e7o de Conviv\u00eancia e Fortalecimento de V\u00ednculos &#8211; SCFV;<\/strong><br \/><strong>d) Servi\u00e7o de Prote\u00e7\u00e3o Social B\u00e1sica Domiciliar.<\/strong><\/p>\n<p><strong>VI &#8211; Departamento de Promo\u00e7\u00e3o de Cidadania &#8211; Centro de Refer\u00eancia em Cidadania:<\/strong><\/p>\n<p><strong>a) Balc\u00e3o\/Ag\u00eancia do SINE;<\/strong><br \/><strong>b) Posto de Identifica\u00e7\u00e3o &#8211; IGP;<\/strong><br \/><strong>c) Gera\u00e7\u00e3o de Trabalho e Renda.<\/strong><\/p>\n<p><strong>VII &#8211; Departamento de Pol\u00edticas P\u00fablicas para a Mulher;<\/strong><\/p>\n<p><strong>VIII &#8211; Departamento de Defesa Civil;<\/strong><\/p>\n<p><strong>IX &#8211; Conselho Tutelar.<\/strong><br \/><br \/><\/p><\/div>\n\t\t\t\t\t\t\t<\/div>\n\t\t<\/div>\n\t\t\t\t<\/div>\n\t\t\t\t<\/div>\n\t\t\t\t\t<\/div>\n\t\t<\/div>\n\t\t\t\t\t<\/div>\n\t\t<\/section>\n\t\t\t\t<\/div>\n\t\t","protected":false},"excerpt":{"rendered":"<p>Secret\u00e1rio:&nbsp;&nbsp;Informa\u00e7\u00f5es removidas durante o per\u00edodo eleitoral, em conformidade com o c\u00f3digo eleitoral. E-mail:&nbsp;&nbsp;assistenciasocial@glorinha.rs.gov.br Endere\u00e7o: Av. Dr. Pomp\u00edlio Gomes Sobrinho, 24060 Telefone:&nbsp;&nbsp;(51) 3487-1522 | (51) 3487-1486 | (51) 3487-1299 Hor\u00e1rio de&#8230;<\/p>\n","protected":false},"author":14,"featured_media":0,"parent":21,"menu_order":0,"comment_status":"closed","ping_status":"closed","template":"","meta":{"_eb_attr":"","footnotes":""},"class_list":["post-86","page","type-page","status-publish","hentry"],"_links":{"self":[{"href":"https:\/\/glorinha.rs.gov.br\/gov\/index.php?rest_route=\/wp\/v2\/pages\/86","targetHints":{"allow":["GET"]}}],"collection":[{"href":"https:\/\/glorinha.rs.gov.br\/gov\/index.php?rest_route=\/wp\/v2\/pages"}],"about":[{"href":"https:\/\/glorinha.rs.gov.br\/gov\/index.php?rest_route=\/wp\/v2\/types\/page"}],"author":[{"embeddable":true,"href":"https:\/\/glorinha.rs.gov.br\/gov\/index.php?rest_route=\/wp\/v2\/users\/14"}],"replies":[{"embeddable":true,"href":"https:\/\/glorinha.rs.gov.br\/gov\/index.php?rest_route=%2Fwp%2Fv2%2Fcomments&post=86"}],"version-history":[{"count":0,"href":"https:\/\/glorinha.rs.gov.br\/gov\/index.php?rest_route=\/wp\/v2\/pages\/86\/revisions"}],"up":[{"embeddable":true,"href":"https:\/\/glorinha.rs.gov.br\/gov\/index.php?rest_route=\/wp\/v2\/pages\/21"}],"wp:attachment":[{"href":"https:\/\/glorinha.rs.gov.br\/gov\/index.php?rest_route=%2Fwp%2Fv2%2Fmedia&parent=86"}],"curies":[{"name":"wp","href":"https:\/\/api.w.org\/{rel}","templated":true}]}}